at is the hundreds digit of c(24)?
1
Let g(n) = n**3 + 7*n**2 - 9*n - 27. Let k be g(-10). Let u = 478 + k. What is the hundreds digit of u?
2
Suppose 0*x - 5*p + 537 = 4*x, 0 = 2*p + 6. What is the units digit of x?
8
Let d(m) = -m**3 + 3*m**2 + 6*m - 6. Let q be d(4). Let t = q + -41. Let p = t - -59. What is the tens digit of p?
2
Let s(h) = -13*h**3 - h**2 - 22*h - 3. What is the units digit of s(-5)?
7
What is the tens digit of (-35 + 9)*(2 + (-28)/1)?
7
Let r(t) = -2*t - 2. Let k = -12 + 34. Let m = k - 31. What is the units digit of r(m)?
6
Suppose -h + 4 + 0 = 0, h = 4*o - 808. What is the tens digit of o?
0
Let v be 3 - (98/(-3) + (-4)/(-6)). Suppose -v*d + 31*d = -340. What is the tens digit of d?
8
Suppose 0 = 4*s + 38 + 38. Suppose 3*b + 2*y = -2*b + 134, -44 = -2*b - 4*y. Let k = s + b. What is the units digit of k?
9
Suppose -4 = -3*h + l, -3*l + 15 = 4*h + 1. Suppose 16 = h*b + 6. Suppose 0 = -0*n + 3*n + q - 57, -2*n - b*q = -38. What is the tens digit of n?
1
Let x(i) = -178*i + 199. What is the units digit of x(-3)?
3
Suppose 0 = k - 3*n - 10, -4*n = 3 + 5. Suppose 0 = -k*c - c + 60. What is the units digit of c?
2
What is the hundreds digit of (-1069)/(-7) + (396/63 - 6)?
1
Suppose 2*v + 4*k - 1028 = 0, 5*v - 2887 = -k - 308. What is the tens digit of v?
1
Let w = 83 + -79. Suppose 89 = w*p - 723. What is the tens digit of p?
0
Let m be 4/16 - (-38)/8. Let s(q) = 2*q - 4*q - m - q. What is the tens digit of s(-8)?
1
Let m = -27 - -47. Suppose 5*f + y - 343 = -68, 4*y = m. What is the tens digit of f?
5
Suppose 5*t = -4*u + 5*u + 3, -5*t = 0. What is the tens digit of 1/(u/435*-5)?
2
Let a(i) = i**2 - 4*i + 2. Let x be a(4). Let f be ((-6)/12)/((-1)/x). What is the tens digit of (f + -36)*(-5)/5?
3
Suppose -7*o = 1 + 13. What is the units digit of (-8834)/(-63) - ((-32)/18 - o)?
0
Let y(z) be the third derivative of -z**4/8 - 4*z**3/3 + 20*z**2. Suppose -4*v - 39 - 20 = 5*k, 5*k - 3*v = -52. What is the units digit of y(k)?
5
Let v = 5019 - 2940. What is the thousands digit of v?
2
Let p = 1679 + -471. What is the hundreds digit of p?
2
Let w(g) = 138*g - 53. What is the units digit of w(6)?
5
Suppose 7*v - 104 = 3*v. Suppose 4*r = 2*r + 2*j + v, -5*r - 2*j = -51. Let k = -9 + r. What is the units digit of k?
2
Suppose 7*l - 12*l - 30 = 0. What is the units digit of (34/(-6))/(l/90)?
5
Let u be (18/10 + -1)/((-172)/(-430)). Suppose p + p - 2*g = 110, 3*p = u*g + 167. What is the tens digit of p?
5
Suppose -1783 + 611 = -2*v - 2*t, v = t + 586. What is the units digit of v?
6
Let b = -215 + 605. What is the hundreds digit of b?
3
Let l(w) = 1 - 3*w**2 + 1 + w**3 + 6*w**2 - 4*w. What is the units digit of l(-4)?
2
Let z = 535 - -636. What is the hundreds digit of z?
1
Let h(x) = -2*x + 20. Let t = -10 + 19. Let l be h(t). Suppose -33 = -l*c + 7. What is the units digit of c?
0
Let z be 4 - 5/(-2 - -3). Let h(u) = -4*u**3 - u**2 - 2*u - 1. What is the units digit of h(z)?
4
Let s(g) = 33*g**2 + 14*g - 53. What is the hundreds digit of s(5)?
8
Suppose -172 - 872 = -5*x - 2*t, 4*x - 834 = -2*t. Suppose 0 = 4*m - 2*y - x, -5*y - 52 = -4*m + 173. What is the units digit of m?
0
Suppose 0 = 4*r + a - 136, 2*r - 2*a + 5*a = 78. Let c = 64 - r. What is the units digit of c?
1
Let z = -2 + -18. Let i = 22 + z. Suppose i*r + 5*s = 5*r - 10, -4*r + 18 = -2*s. What is the units digit of r?
5
Suppose -5*n + 355 = 4*x - 2*n, 0 = -5*x + n + 439. Let o(t) = 51*t**3. Let v be o(1). Let f = x - v. What is the units digit of f?
7
Let b(w) = -11*w**3 + 3*w**2 - 11*w - 3. What is the thousands digit of b(-5)?
1
Suppose -i + 5*u - 16 = 0, 2*i + 28 = 7*i + 2*u. Let r be (i/10)/(3/30). Suppose 5*v + 4*n - n - 250 = 0, -r*n - 150 = -3*v. What is the tens digit of v?
5
Let q = -3187 - -4611. What is the hundreds digit of q?
4
Let x be (7 - 2) + (-1 - 0). Suppose x*j - 3*n = 224, -3*j - 2*n + 27 = -158. What is the units digit of j?
9
Suppose -4*g = 5*l - 5, 0*l + 3*l + 2*g - 1 = 0. Let r = 2 + -3. What is the units digit of (10/r)/(l/6)?
0
Let k be 4 + 1/(-1)*-1. Suppose -12*p + 4 = -10*p. Suppose p*n = x - 6, 42 = 4*x + 5*n + k. What is the units digit of x?
8
Suppose 5*n - 6*q = -q + 7115, 2846 = 2*n - q. What is the thousands digit of n?
1
Let l(h) be the third derivative of -7/3*h**3 + 1/60*h**5 + 0 + 7/24*h**4 + 0*h - h**2. What is the units digit of l(-12)?
6
Let g = -210 + 1006. What is the hundreds digit of g?
7
Suppose 2*d - 4*o - 4320 = -8*o, -3*d - 2*o = -6480. What is the thousands digit of d?
2
Let x(l) = l**3 - 2*l**2 - 3*l - 7. Let p be x(5). What is the units digit of p*(0 - 2/(-2))?
3
Let k(v) = v**3 + 6*v**2 + 6*v + 10. Let h be k(-5). Suppose -n + 5*n + 71 = 5*t, 75 = h*t - 5*n. Let w(d) = 2*d - 6. What is the units digit of w(t)?
6
Let p(x) = -x**2 + 5 - 5*x + 7*x - 5*x + 3. Let n be p(-5). Let l = n + 5. What is the units digit of l?
3
Let g(b) = b**2 - 4 + 2*b**3 - b - 4*b**3 + b**3 + 5. Let o be g(0). Suppose o = 2*v - 9. What is the units digit of v?
5
Let c(l) be the third derivative of -5*l**2 - l**3 + 0 + 0*l - 5/24*l**4. What is the tens digit of c(-12)?
5
Suppose 1664 = 4*k - 4*l, -k = k + 2*l - 824. What is the units digit of k?
4
Let j(n) = n**3 - 10*n**2 + 11*n - 1. Let i be 11 - (0 - 1 - -3). Let h be j(i). Let u = -9 + h. What is the units digit of u?
8
Let p(f) = f**2 - 5*f - 349. What is the thousands digit of p(-39)?
1
Suppose -9*x + 7*x + 32 = 0. Let m(s) = -s**3 + 17*s**2 - 10*s - 37. What is the tens digit of m(x)?
5
Let b = 5732 + -1762. What is the units digit of b?
0
Suppose 23*o - 3446 = 8353. What is the tens digit of o?
1
Let d be 42/((-14)/(-8) + (-1 - 0)). Suppose v - 25 = d. What is the tens digit of v?
8
Let r(t) = -t**3 + 38*t**2 + 42*t + 122. What is the tens digit of r(39)?
3
Let p(g) = -64*g + 8. Let y be (3*-2)/(18/12). Let x be p(y). Suppose -3*h + 5*c + x = 0, h - 3*c - 341 = -3*h. What is the tens digit of h?
8
Let n(d) = 27*d + 19. Let j(s) = 26*s + 19. Let l(b) = 6*j(b) - 5*n(b). What is the hundreds digit of l(4)?
1
Let j(h) = h**2 - 5*h - 6. Let b be j(7). Suppose b*u - 30 - 2 = 0. What is the units digit of u?
4
Let s = -7 - -10. Let z = 2 - 3. What is the units digit of s - ((-4)/2)/z?
1
Let i(t) = t - 6. Let r be i(5). Let l be -3 + r/(3/(-18)). What is the units digit of l*(-3 - (-25)/3)?
6
Suppose 0 = 3*k + k. Let x be 1 + (3 - k - 5). What is the tens digit of (2 - -23)*(0 - x)?
2
What is the tens digit of (-344)/(-10) - (2 - 48/30)?
3
Let b(d) = d - 6. Let f(k) = -2*k + 7. Let z(v) = 4*b(v) + 6*f(v). What is the units digit of z(-16)?
6
Let l(g) = -550*g**3 + 3*g**2. What is the hundreds digit of l(-1)?
5
Let y be (-134 + 1)/(2 - (-6)/(-2)). What is the tens digit of y - (8/(-6))/((-1)/3)?
2
Suppose -2*a = -8, 0 - 24 = -4*q - a. Suppose q*b = 3*r + b - 249, 2*r = -5*b + 189. What is the units digit of r?
7
Suppose 0 = -2*w - 5*v + 191, -5*v = -7*w + 4*w + 224. Suppose l + 22 = w. What is the tens digit of l?
6
Let l = -14 + -12. Let s be l - 5 - (1 + -3). Let i = s - -41. What is the tens digit of i?
1
Suppose 0 = -73*o + 60*o + 7527. What is the units digit of o?
9
Suppose -7*s + 20 = -2*s. Suppose -n = s*j - 265, -j = 3*j + 5*n - 285. What is the units digit of j?
5
Let g be ((-115)/(-92))/(2/8). Suppose -g*y = -o + 6 + 13, -49 = -o - y. What is the units digit of o?
4
Suppose 4*s - s + y - 1 = 0, s + 4 = 4*y. Let h = -4 + 0. Let d = s - h. What is the units digit of d?
4
Let o(j) = -19*j + 22. Let m be o(-5). Let p(s) = s - 2. Let b be p(2). Suppose -4*u - 25 + m = b. What is the tens digit of u?
2
Suppose 41832 = 31*p + 5*p. What is the thousands digit of p?
1
Suppose 0 = 3*d - 4*o + 191, -d - o = 4*d + 349. What is the tens digit of (-1)/(-2) + (-2)/(4/d)?
3
Suppose 60 = 8*f - 3*f. Let y be 1 - 0 - f/(-4). Suppose y*t - 48 = 80. What is the tens digit of t?
3
Let x(o) = 11*o - 15 - 14 - 7*o + 8. What is the tens digit of x(14)?
3
What is the hundreds digit of ((-8)/2)/(48/72) + 613?
6
Let c(q) = -2*q**2 + 4*q + 1. Let z be c(3). Suppose 15 = -3*l - 2*l. What is the units digit of l/3*(-2 + z)?
7
Let d(l) = -80*l + 825. What is the units digit of d(6)?
5
Let i be (-4)/(-6)*(-84)/2. Let v be (-1)/(i/9 - -3). What is the tens digit of 219/v + 3/(-9)?
2
Let n be 6/(0 + -5 + 3). L